45 = -4*w. Suppose 5*y = 18*y - w. What is the units digit of y?
5
Suppose 16*g = -0*g + 64. What is the hundreds digit of 1 - -323 - (-12)/g?
3
Let n = -70 + 153. Suppose 345 + n = i - q, 3*q = 0. What is the hundreds digit of i?
4
What is the thousands digit of 100949254/6762 - (-4)/42?
4
Suppose -3*a = -y - a - 92, 0 = -2*y - 5*a - 175. Let c = 265 - y. What is the hundreds digit of c?
3
Suppose 3*x = 6842 - 179. What is the tens digit of x?
2
Let z = 517 + -501. What is the tens digit of z + 8030/4 + (-5)/(-2)?
2
Suppose 3*h = -7*h + 70. Suppose 7 = -h*o - 7. What is the tens digit of 17*4/o*-2?
6
What is the tens digit of (-134)/(-17) + 144/1224 - -10828?
3
Suppose -3*l + 3*j + 6 = -0*l, 4*l - 8 = j. Let n(o) = 68*o**3 + 4*o**2 + 4*o + 1. Let b be n(-1). What is the tens digit of -1 + l - (b - -2)?
6
Let p be (-136)/(-44) + -3 + 57114/99. Let b = p - 250. What is the tens digit of b?
2
Suppose 0 = c + o + 443, 0 = c + 4*o + 323 + 129. Let l = c + 762. What is the hundreds digit of l?
3
Suppose 2*c - 45140 = 3*x, -166*c = -167*c - 5*x + 22531. What is the hundreds digit of c?
5
Let t(x) = -2943*x - 5206. What is the thousands digit of t(-10)?
4
Suppose 5*i + 2*s + 21194 = 308721, -5*s = -30. What is the tens digit of i?
0
Let l = -53 - -43. Let y be (-2)/l + 82*(-145)/(-50). Suppose -2*m - 60 = -y. What is the tens digit of m?
8
What is the thousands digit of -5*(-7 - 490/(-50))*-1148?
6
Let m(w) = -10*w + 30. Let y be m(3). Suppose y = -97*q + 110*q - 5902. What is the tens digit of q?
5
Suppose -33*m - 430 = 10*m. Let i(g) be the first derivative of -2*g**2 + 3*g - 1. What is the units digit of i(m)?
3
Let d = 884 - -8341. What is the tens digit of d?
2
Let h = 520 - -6181. What is the thousands digit of h?
6
Let v(f) = -5*f + 8. Let m be v(1). What is the units digit of 29/(m/(-3 - -6))?
9
Suppose 4*z = -22*w + 18*w + 25388, -w + 4*z = -6357. What is the hundreds digit of w?
3
Let c(s) = 3*s + 26. Let u be c(-7). Suppose 630 = u*x + 205. Suppose -m - f = f - x, 0 = 5*f - 15. What is the tens digit of m?
7
Let o be 2/(-13) + 299/507*24. Suppose l - o*l + 8918 = 0. What is the units digit of l?
6
Suppose -4*m - 5*s + 52 = 0, -m + 30 = -50*s + 47*s. Suppose 0 = -19*a + m*a + 577. What is the tens digit of a?
7
Suppose -5*h - 3*v + 61 = -0, -1 = h + 5*v. Suppose 0 = h*y - 19*y + 1195. What is the units digit of y?
9
Let w(p) = 15*p**2 - 6*p - 22. Suppose 0 = -4*z - 4*z + 24. Suppose z*b = b - 8. What is the hundreds digit of w(b)?
2
What is the units digit of 98618/78 + ((-2)/(-3) - (1 - 2))?
6
Let h(z) = 243*z - 6048. What is the thousands digit of h(114)?
1
Let t be ((-9)/((-324)/153))/((-1)/(-4)). Suppose -t*q = -64*q + 10998. What is the units digit of q?
4
Let n = -28 + 38. Suppose n = -2*h + 12. Suppose -103 = -4*g + 2*s - h, -3*g + 74 = s. What is the tens digit of g?
2
Let y(z) = 1486*z**3 + 10*z**2 - 11*z - 7. What is the thousands digit of y(2)?
1
Let l = -40 + 57. Suppose 35 = d - l. Let y = 64 + d. What is the hundreds digit of y?
1
What is the thousands digit of ((-5793838)/(-465) - 19) + 4/30?
2
Let t = 13 - 8. Suppose s + 684 = t*s. Suppose 0 = 4*x - 467 + s. What is the tens digit of x?
7
Suppose 2*i - 4*c - 16 = 4, 0 = -2*i - 4*c - 4. Suppose -2*l + 1550 = -i*u, 5*l - 1216 = -4*u + 2617. What is the tens digit of l?
6
Suppose -9*k - 1306 = -5*k + 5*r, -10 = 5*r. Let x = k - -508. What is the units digit of x?
4
Let k be 4/7 - ((-54)/(-21) + -4). What is the hundreds digit of ((-20)/40)/(k/(-2764))?
6
Let g(x) = x - 18. Let o be g(15). Let w be o/(-12)*(-3 - -19). Suppose -5*v + 804 = 2*a - w*a, a - 327 = -2*v. What is the hundreds digit of v?
1
Let v = 395 - 687. Let w = v - -513. What is the tens digit of w?
2
Let r(h) = h**3 - 3*h**2 - 15*h + 14. Let j(s) = -s**2 - 6*s - 2. Let v = -18 + 16. Let z be j(v). What is the tens digit of r(z)?
3
Let o = -731 + 727. What is the thousands digit of 1214 - (o/1 - 2)?
1
Let o = 33446 - -10225. What is the units digit of o?
1
Let w(a) be the first derivative of -3*a**2 - 24*a + 16. Let o be w(-7). What is the tens digit of 1356/o + 2/6*2?
7
Suppose -105*o = 143*o - 8213264. What is the tens digit of o?
1
Suppose -69790 = 110*m - 5435484 - 2415266. What is the tens digit of m?
3
Suppose -23804 = -2*w + 2*z, -3*w = -16*z + 11*z - 35704. What is the thousands digit of w?
1
Let o = -43 - -46. Suppose d + 2*t - 222 = -o*d, -5*d = -3*t - 283. What is the tens digit of (102/21 + -4)*d?
4
Suppose 5*v + 0*j = 5*j + 5, -4*v + 5*j + 2 = 0. Let t be 3 - (18/1 - 1*v). Let c = t + 252. What is the hundreds digit of c?
2
Suppose -689 = -5*c + 8041. Let f = c - 1213. What is the tens digit of f?
3
Suppose 4*a = a + m + 1871, -5*a + 3*m = -3125. Suppose -3*c - 4*h + 832 + a = 0, -3*h = -3*c + 1419. What is the tens digit of c?
7
Let a be ((-3798)/(-10))/((-36)/(-120)). Suppose 3*p - a = -4*g, -5*g + 8*g = -4*p + 946. What is the units digit of g?
8
Suppose -5*a - 38962 = -2*u, 0 = 5*u + 4*a - 101024 + 3619. What is the thousands digit of u?
9
Suppose 4*n = -5*g + 76, -g + 0*n = -4*n + 4. Let z(b) = 0*b**2 - b**2 + 23*b - g*b + 15. What is the units digit of z(9)?
3
Suppose 2*j = 49 - 21. Let h be 1494*(j/4)/7. Suppose 154*n = 151*n + h. What is the units digit of n?
9
Let g(v) = 28*v - 83*v - 26 - 54*v. What is the units digit of g(-2)?
2
What is the tens digit of ((-58996)/(-430))/(2/60)?
1
Let m(b) = -2*b - 12. Let v be m(12). Let n be 2/(-4)*(1 + v/4). Suppose n*d = -h + 5, 61 = 4*h + d - 34. What is the units digit of h?
5
Let p = 11 - -23. Let b = 34 - p. Suppose b = 2*c - 2*t - 80, -5*t + 60 = c - t. What is the units digit of c?
4
Let q = -12614 + 22980. What is the hundreds digit of q?
3
What is the thousands digit of (12/(-14))/((-108)/208404)?
1
Let f = 18 + -14. Suppose u - 241 = -3*i, -f*u - 248 = -3*i - 12. What is the units digit of i?
0
Let q = 108 - -674. Suppose 3*j + 2*i = 4794, i + 7174 = 4*j + q. What is the units digit of j?
8
What is the thousands digit of (1 - 40/(-32))*(6671 - 3)?
5
Let p(r) = 1812*r + 868. What is the hundreds digit of p(29)?
4
Let h be (292/3)/(7/126). Suppose -95*o + h = -91*o. What is the hundreds digit of o?
4
What is the tens digit of 4665/9*372/10?
8
Let m(z) = 1192*z**2 - 280*z - 2556. What is the hundreds digit of m(-9)?
5
Suppose -64312 - 855415 = -60*k - 46607. What is the units digit of k?
2
Let c be 1/2*(3 + 2 + -1). Suppose -2*s - 810 = -c*a + 2*s, 2*a - 813 = 5*s. What is the hundreds digit of a?
3
Let b = -77488 + 111760. What is the tens digit of b?
7
Suppose -62 = -4*l - 2*d + 3*d, -66 = -4*l - d. Let x = 29 - l. What is the tens digit of 9784/88 - (-1 + x/11)?
1
Let r(y) = 2*y - 10. Let n be r(7). Suppose 22 = n*m + j, m = 3*j - 2 + 1. Suppose -5*q + m*b = -475, -2*b - 190 = -2*q + 3*b. What is the units digit of q?
5
Suppose 4*h - 5*i = -276, -5*h - 24*i + 29*i = 345. Suppose -4*v + 6*v - 34 = 0. Let w = v - h. What is the units digit of w?
6
Suppose -175921 = -19*o + o + 234353. What is the ten thousands digit of o?
2
Suppose 4615 = 17*i - 6435. Suppose -7*w = -i + 27. What is the tens digit of w?
8
Let s(i) = 110*i - 23. Let z(o) = -o**3 + 8*o**2 - 4*o - 18. Let h be z(7). Let l be s(h). Let u = l + -177. What is the hundreds digit of u?
1
Let k = -92 - 0. Let v be 6/4 + k/8. What is the tens digit of 1908/60 + (-2)/v?
3
Suppose -45*y - 14*y + 27*y = -269792. What is the tens digit of y?
3
Let o(y) = 11*y**2 - 44*y - 7. Let f(a) = 2*a**2 + a - 2. Let w(z) = -3*f(z) + o(z). What is the tens digit of w(10)?
2
Suppose 129*q = 126*q + 9. Suppose q*b - 53 = b - g, 4*b - 81 = 3*g. What is the units digit of b?
4
Suppose 3*g - 23129 - 658 = 0. What is the thousands digit of g?
7
Let f = 10 + -7. Let p = -1099 - -1120. Suppose -f*c = -141 + p. What is the tens digit of c?
4
Let y be 1804/33*9/(-6). Let u = 346 + y. What is the hundreds digit of u?
2
Suppose 15*t - 121*t = 13*t - 5332152. What is the thousands digit of t?
4
Suppose 0 = -2*u + 4*k - 22, 9*k = -2*u + 4*k - 13. Let w(g) = -3*g**3 - 14*g**2 - 27*g - 11. What is the hundreds digit of w(u)?
2
Suppose -60*y = -56*y. Suppose -5*q + n - 2*n + 3295 = y, -n = -3*q + 1969. What is the units digit of q?
8
Let b(n) = 21*n**2 - 10*n - 4 + 208*n**2 - 32*n**2 + 8*n. What is the hundreds digit